c/30) prime?
False
Let q = -74 + -57. Let r be (-25)/((11/(-8))/11). Let a = r + q. Is a a prime number?
False
Let h(y) = 2*y**2 - y + 6*y - 29*y**3 - 18 + 17. Let k(v) = 28*v**3 - 2*v**2 - 4*v + 2. Let p(l) = 3*h(l) + 2*k(l). Is p(-3) composite?
True
Let c(t) = 908*t**2 + 42*t - 509. Is c(9) composite?
False
Let s(t) = 4*t**2 + 2*t + 9. Let z be s(9). Suppose 0 = -d + 6*d - 700. Let r = z - d. Is r a prime number?
True
Let l(h) be the third derivative of 49*h**6/120 - h**5/60 - 13*h**4/24 - h**3/6 - 48*h**2. Is l(4) prime?
True
Suppose 1129*z = 1128*z + 50531. Suppose 5*f + 20 = 0, 6*o - 3*o - 2*f = z. Is o a prime number?
False
Let z(m) = m**3 + 6*m**2 + 2*m. Let k be z(-4). Let y be ((-6)/(-2))/((28/k)/7). Is 4/y - (2 + (-32961)/27) a prime number?
False
Suppose r + 702167 = 4*f, f + 3*r - 162731 - 12827 = 0. Is f a composite number?
False
Suppose k - 153537 = 14*u, 2*u + 508437 = 5*k - 259520. Is k composite?
True
Suppose 0 = 5*u + 4*u - 18. Suppose -4*g + 3*n = -13, -2*n + 3*n - 9 = -u*g. Suppose -3*v + 3419 = -g*x, -4*v + 2*v = -x - 2281. Is v a prime number?
False
Suppose p + 22545 = 4*p + 3*a, -p + 4*a = -7525. Is p composite?
False
Suppose 4*w = 15*w - 132. Is (289737/(-12))/(-7) + (-3)/w prime?
True
Let p(k) = 2*k - 28. Let w be p(12). Let i be (-6)/w*254 + -2. Suppose -i = -5*b - 4*c + 274, -3*c = b - 124. Is b composite?
True
Let y be ((-40)/25)/(6/(-22965)). Let i = y + 205. Is i prime?
True
Is ((-6)/4)/1*(8 + -1701)*2 composite?
True
Let m(g) = 6158*g**3 - 12*g**2 + 7*g. Let h(b) = 6158*b**3 - 14*b**2 + 8*b. Let f(j) = -6*h(j) + 7*m(j). Is f(1) a composite number?
True
Let y(v) = 3988*v**3 - v**2 - 4*v + 6. Is y(1) a prime number?
True
Is -14 - -33 - (-19 + -349023) composite?
True
Suppose 6*l = p + 1140167, 33*l + 950130 = 38*l + p. Is l composite?
False
Suppose 4*w + 4877 = w + 4886. Suppose -2 + 6 = v. Suppose v*n - w*n = -1, 2626 = 3*s + 5*n. Is s a prime number?
True
Suppose 4*a - 5*n - 33205 = -5068, -4*a - 3*n = -28129. Is a composite?
True
Suppose -5 = -5*c - 4*l, 2*l + 3 = 3*c - 0. Is 0 - c/(-4) - (-115075)/100 a prime number?
True
Let t(b) = -b**3 - 2*b**2 - 4*b + 41. Let u be (13/(-1))/(-4 - -5) - 1. Is t(u) composite?
True
Let r be (16/40)/((-2)/360). Let v = 75 + r. Is (-4203)/(-6) - v/(-6) a prime number?
True
Suppose -5*t = 5*h - 137648 - 496432, 126809 = h + 2*t. Is h composite?
False
Let d(q) = 14*q**2 - 24*q + 21. Let t(o) = 2*o**2 - 67*o - 81. Let v be t(35). Is d(v) composite?
True
Let o = -63 - -131. Let q = o + -56. Suppose -8*x - 5276 = -q*x. Is x prime?
True
Suppose -60 = 2*r - 7*r + 5*w, 5*r = -4*w + 15. Suppose -t + 4*i + 1 = r, -4*t + 3*i = -28. Is 296 - (-2)/(t/(-15)) prime?
True
Let i = -137 - -90. Let l = i + 49. Suppose 1327 = 5*v + 5*k - 928, -l*k = 0. Is v prime?
False
Suppose 4*m = -5*m + m. Suppose -3*l - v + 60 = m, -3*v = -2*l - 5*v + 40. Let y(o) = o**3 - 19*o**2 - 2*o - 46. Is y(l) a composite number?
True
Let l(n) = 90*n + 60. Let o be l(12). Let w = o + -773. Is w a composite number?
False
Let y be 27*(2/(-8) - 10115/(-12)). Let k = -6917 + y. Is k composite?
True
Suppose 10*u + 213*u + 701636 = 9395737. Is u a prime number?
False
Suppose -3 - 150 = -17*g. Suppose -14*t + 10765 = -g*t. Is t a composite number?
False
Suppose -41*y + 4*q = -43*y + 805414, -3*y = 2*q - 1208089. Is y a composite number?
False
Suppose -2*a + 5*v + 227434 = 0, -29*v + 24*v - 454868 = -4*a. Is a prime?
True
Let m = 47391 + -20470. Is m a prime number?
True
Suppose 9*i + 46*j - 35495 = 48*j, 2*j = i - 3951. Is i prime?
True
Suppose -27*d - 20 = -22*d - 4*o, 2*d - 4*o = 4. Let z(h) = -5*h - 12. Let w(i) = 9*i + 23. Let y(g) = 6*w(g) + 11*z(g). Is y(d) a prime number?
False
Let l(p) = 3*p**3 + 3*p**2 + 7*p + 39. Let v be l(7). Suppose 4*r - v = 3564. Is r composite?
True
Is (209 + -210)*-1*5413 a composite number?
False
Let f be ((-33)/(-2))/11*-6. Is f*(-7893)/(-54)*(-2)/3 a composite number?
False
Suppose -2*i + 4*k = 14, 3*i + 4*k = -0*i - 1. Is (1 + i)/2*-1327 a composite number?
False
Suppose -19 = -5*b + 4*m, 5*b = m - 2*m + 14. Suppose 0*j + b*r = 3*j - 33, -4*j - r = -24. Suppose j*s = 2210 - 663. Is s prime?
False
Suppose 5*p + 113 = 118. Is 19430/7 + p - (-4)/14 composite?
False
Let c(v) = 2*v**2 - 15*v - 48. Let k be (-2 - (2 - -3))/1. Is c(k) composite?
True
Let m = 11 + -36. Let j be 3275*(3/5 + (-5)/m). Let r = j + -1259. Is r a composite number?
False
Suppose 16*l - 35*l = -l - 22280922. Is l a composite number?
False
Is (1 - 981239)/(214 - 216) a prime number?
True
Let z = -485781 + 1126516. Is z a prime number?
False
Let p(h) = -3*h + 6. Let m be p(0). Let v(b) = -3 + 27*b**3 + 13*b**2 - m*b**2 - 2*b**3 + 2. Is v(3) a prime number?
False
Suppose -h + 502261 = 10*f - 6*f, 2*h - 125581 = -f. Is f composite?
True
Let d = -63 - -81. Suppose -h + 2*u = 3*h - d, -h + 12 = -3*u. Let p(f) = 185*f - 14. Is p(h) a prime number?
True
Suppose -185 = 5*c - 5*k, -2*c + 0*k = 3*k + 89. Let x = -32 - c. Suppose -x*z = -3*z - 255. Is z a composite number?
True
Is 17 + -1 + 732406 - -17 a prime number?
True
Let a be 3/(-1) + (-10 - -3664). Let g = a - 2486. Is g a prime number?
False
Is 2/28 - ((-29400264)/112)/9 a composite number?
False
Suppose -4*t + 3437 = 3*t. Suppose 6*l - 3295 - t = 0. Is l a prime number?
True
Let m be 31710/4*-6*(-32)/15. Suppose 4*k + m = -5*v, -v - k + 40594 = -3*v. Is 2 + 1/(v/(-6764) + -3) composite?
False
Is ((-73766)/55)/(65/25 - 3) a composite number?
True
Suppose 2*m = 10681 + 2941. Let c = m + -3114. Is c a composite number?
False
Is ((-28)/(-6))/(1666357/(-15003639) - 1/(-9)) prime?
False
Let o = 12673 - -22473. Is o a composite number?
True
Let a(u) = 6*u - 7. Let o be a(7). Suppose 4*y = -5*w + 41, -3*w = 2*y + 3*y - o. Suppose -l - 2*m = -883, 5*m - 2055 + 6440 = w*l. Is l a composite number?
True
Suppose 5*w - 2*n = 2*n + 92, 2*n + 22 = w. Let o = 5 + w. Is (o/(-6))/((-5)/290) prime?
False
Let g be (24/(-42))/((-5)/(2415/6)). Let d(o) = -o**3 + 47*o**2 + 38*o + 89. Is d(g) a prime number?
False
Let b(i) = 2*i**3 - 4*i**2 - i + 8. Let a(x) = x**3 + 2*x**3 + 8 - 2*x**3 - 5 + 13*x**2. Let g be a(-13). Is b(g) a prime number?
True
Suppose -2*h = -x + 1523, 238*h = 4*x + 240*h - 6132. Is x a prime number?
True
Let q = 163 + -141. Suppose -12*s - 4150 = -q*s. Is s prime?
False
Suppose -10*i + 1 = 2411. Let y = 583 - i. Suppose -p + 315 = -y. Is p composite?
True
Suppose u - 52947 = -m, -7*u + 52943 = m - 5*u. Is m a composite number?
False
Let p = -3245 + 36366. Is p composite?
True
Suppose 0 = -5*f + 3*y + 205427, -4*f + 5*y + 243215 = 78863. Is f a composite number?
True
Let x(c) = 3*c**3 + 4*c**2 - 3*c + 1. Let l be x(1). Suppose l*m + 1129 + 6580 = 2*a, -4*a + 15493 = 5*m. Is a prime?
False
Suppose 0 = 5*z + 5*m - 11 - 9, 3*m = -2*z + 8. Suppose z*i - 2*l - 335 = l, 3*l = 3*i - 252. Is i a composite number?
False
Let i(c) = c + 1. Let w be i(-3). Let f(x) = -119*x**3 - x**2 + 2*x - 2. Let o be f(w). Is (o/18)/((-3)/(-9)) a composite number?
False
Let r(s) = -75*s - 25. Let n be r(-11). Suppose u - n - 1189 = -5*a, 0 = 3*a - 12. Is u composite?
True
Let p = 64224 - 25162. Is p prime?
False
Let k(c) = -10358*c + 607. Is k(-98) a prime number?
True
Suppose -96 = -s - 99. Is s/(-3) - ((-10)/5 + -5768) a composite number?
True
Suppose u - 19*q + 23*q - 26 = 0, 0 = 5*u - q - 25. Is (-1 + 0)*(u - 1955) prime?
True
Let g(y) = 36001*y - 1035. Is g(8) a composite number?
False
Let w = 5 + 1. Let c(h) = -39*h**3 + 4*h**2 + 6*h. Let t be c(-2). Suppose -w*u + t = -2*u. Is u a composite number?
False
Suppose -131*c = -128*c - 4*y - 27638, -4*c + 36799 = 5*y. Is c a prime number?
False
Is ((-10)/(-20))/(21/1796214) a prime number?
True
Let o(d) = 565*d**2 + 56*d + 367. Is o(-18) a composite number?
True
Let z = -107 - -107. Let q(s) = 2*s**2 - 13*s + 10181. Is q(z) prime?
True
Suppose 437914 = 5*a + 182393 - 618894. Is a prime?
False
Let i be (-104 + (7 - 3))*(-1)/(-1). Let u = -234 - i. Let c = u + 1405. Is c composite?
True
Let o(z) be the first derivative of 11*z**4/4 - 4*z**3/3 + 5*z**2 + 30*z - 11. Is o(7) a composite number?
False
Let f = 58 + -398. Is (f/30)/17*19338/(-4) a prime number?
False
Is 9/(-6)*(-852290)/(-90)*-6 a composite number?
False
Let o = 5475 + -2396. Is o composi